z be (-5410)/25 - 4/(-10). Let r be (z/(-4))/(6/4). Calculate the highest common divisor of 12 and r.
12
Let j be 13/5 + (-3)/5. Suppose -4*h + 10 = -2*x, j*h - x = -4*x + 17. Let k = -29 + 41. Calculate the greatest common divisor of k and h.
4
Let a = 153 - 76. Calculate the greatest common factor of a and 11.
11
Suppose -172 + 162 = -z. Let p be (-4)/6 - (-34)/6. What is the greatest common factor of z and p?
5
Let k(c) = c**3 + 6*c**2 + 8*c + 3. Let o be k(-5). Let i be 26/(-3) + (-8)/o. Let a be i/(-6)*(-84)/(-8). Calculate the greatest common factor of 35 and a.
7
Suppose y - 37 = -0*y. Let s = 28 + y. Calculate the greatest common factor of s and 26.
13
Let u(v) = -v. Let b be u(-5). Let m be b + -2 - 3 - 3. Let a be 3 + 3/m*0. What is the greatest common divisor of 15 and a?
3
Let i be 0/2 + 67/1. Let a = -39 + i. Let n(c) = 12*c - 6. Let x be n(4). What is the highest common factor of x and a?
14
Let v(r) = -r**3 + 6*r**2 - 2*r - 2. Let j = 17 - 14. Let x be v(j). Let s(d) = 37*d**2 + 1. Let g be s(1). Calculate the highest common factor of g and x.
19
Let i be (-4)/(-10) - (-236)/10. Let c be 4 + 6/(-3 + 0). Suppose t = -1, c*h - 39 = h + 3*t. Calculate the greatest common factor of h and i.
12
Let y be (6/(-10))/(1/(-5)). Suppose 0 = 5*k - b - 0*b - 65, -y*b - 27 = -3*k. What is the greatest common factor of 2 and k?
2
Suppose 2*t = 22 - 6. Suppose 4*y = t*y - 280. Calculate the greatest common divisor of 28 and y.
14
Let j = 84 + -42. Suppose 4*a - j = a. Let r(x) = -9*x**3 + 2*x + 2. Let g be r(-2). Calculate the highest common divisor of g and a.
14
Let g be (96/56)/((-2)/(-14)). Let p be ((-9)/g)/((-2)/32). Let i be (-636)/(-18) - (-4)/6. What is the greatest common divisor of i and p?
12
Let y be (-7*3 + 0)*-5. What is the highest common divisor of 21 and y?
21
Suppose -j = -17 - 21. Let a = -16 + j. What is the greatest common divisor of 33 and a?
11
Suppose -5*q = -3*q - 90. Let k be 0 + (-2)/(0 + 2). Let s be 5 - ((0 - k) + -1). What is the greatest common divisor of s and q?
5
Let t(j) = -j**3 - 6*j**2 - 8*j - 6. Let b be t(-5). Calculate the greatest common divisor of b and 9.
9
Let x be ((-1)/3)/((-2)/168). Calculate the greatest common factor of x and 28.
28
Suppose 5*c - 60 = -4*m, 4*c - m = -c + 85. Suppose 3 = -4*o + o, -k - 4*o = -1. Let r = c - k. What is the highest common factor of r and 55?
11
Let i be (12/24)/((-2)/(-112)). Let w = -16 + i. Calculate the highest common factor of w and 24.
12
Let c = 92 + -53. Let s = c - 11. Let y be 4/(1/1*1). Calculate the greatest common divisor of s and y.
4
Suppose -11 - 13 = -2*c. What is the greatest common divisor of 48 and c?
12
Let j(v) = v**3 + 2*v**2 - v. Let a be j(3). Calculate the highest common factor of a and 12.
6
Suppose 42 = 2*b - 66. What is the greatest common divisor of b and 6?
6
Let m(x) = 4*x**2 + x. Let w be m(-1). What is the highest common divisor of 21 and w?
3
Suppose 5*j - 163 = a - 56, 0 = -2*j - 2*a + 50. Let d = 10 - j. Let y be 1/((9/d)/(-3)). What is the greatest common factor of y and 20?
4
Let h(z) = z**2 - 5*z + 5. Let x be h(5). Suppose x*a = 6*a - 6. What is the greatest common factor of 6 and a?
6
Let u(t) = -t**3 + 8*t**2 - 5*t + 2. Let p be u(7). Calculate the highest common divisor of 144 and p.
16
Let u be (-3 - -2) + 10/2. Let k = 8 + u. Calculate the greatest common divisor of k and 132.
12
Let s = 131 - 117. Calculate the highest common factor of s and 35.
7
Suppose -2*o - 4*z + 24 = 0, -11 = -2*o - o - z. Let n(i) = 10*i - 1. Let f be n(o). Suppose -2*q + f = -53. Calculate the greatest common factor of q and 9.
9
Suppose 43*f - 39*f - 128 = 0. Calculate the highest common divisor of f and 128.
32
Let m = -3 + 7. Let t be (m - 6)*(-39)/6. What is the greatest common factor of 65 and t?
13
Let m(u) = 11*u - 5. Let a be m(2). What is the highest common factor of a and 85?
17
Suppose -t + 4*o + 8 = 0, 0 = 2*t + 3*o - 40 - 9. Let g be t/(-3)*45/6. Let l be ((-6)/(-15))/((-2)/g). Calculate the greatest common factor of 110 and l.
10
Suppose l = v - 113, 3*v - 4*v - 3*l + 101 = 0. Let h be v/3 - 16/24. Calculate the greatest common divisor of h and 12.
12
Suppose 4*v = -v + 200. Suppose 0 = 7*o - 2*o - v. Let k be (1/3*4)/(18/108). What is the highest common factor of o and k?
8
Let d(p) = -p + 4. Let u be d(2). Suppose 7 = u*h - 7. Suppose -2*b + 21 = -35. What is the greatest common factor of h and b?
7
Suppose -11*z + 13 - 2 = 0. What is the highest common factor of 7 and z?
1
Let w be 5*-3*(-138)/10. Calculate the highest common factor of 23 and w.
23
Let z(u) = -28*u**2 + 3*u - 4. Let d be z(1). Let m(k) = -6*k - 2. Let s be m(3). Let a = s - d. Calculate the highest common divisor of a and 6.
3
Let f(z) = -10*z - 39. Let g be f(-5). What is the greatest common factor of g and 88?
11
Let q = 31 + -8. Suppose 0 = 2*b - 6, 3 - q = -s - 5*b. Calculate the highest common divisor of s and 2.
1
Let t(f) = f**3 - 7*f**2 - 6*f + 6. Let z be t(8). Let b be 3*(-2 + z/3). What is the greatest common factor of b and 40?
8
Let q be 4 - (-3 - 0)/1. What is the highest common divisor of q and 49?
7
Let u(s) = -s**3 - s**2 - s + 27. Let o be u(0). Suppose 0 = 2*v + v - 567. Calculate the highest common divisor of v and o.
27
Suppose 281 = 5*o + 2*c, 78 + 209 = 5*o - c. What is the greatest common divisor of 38 and o?
19
Let y = -63 + 88. Let f = y - -45. Calculate the greatest common factor of 10 and f.
10
Let g(w) = w**3 - 2*w**2 + 7*w. Let x be g(5). Suppose 0 = -4*f - 18 + 138. Suppose 2*n = -n + f. Calculate the greatest common divisor of n and x.
10
Let m = 35 - 18. What is the greatest common divisor of 119 and m?
17
Let s = 113 - 76. Let k = -21 + s. What is the greatest common factor of 2 and k?
2
Let k = 58 + -28. Suppose g + 296 = 4*l, 2*l - 72 - 90 = -3*g. Calculate the highest common factor of k and l.
15
Let g(p) = -p**2 - 9*p. Let h be g(-9). Suppose h = 4*n - 96 + 36. Let f = 166 - 61. Calculate the greatest common divisor of n and f.
15
Suppose 3*f - 137 = -5*m, -2*f - 27 = -5*m - 160. What is the highest common factor of f and 27?
27
Let v be (1 + 118)*(-3 + 2). Let o = v - -173. What is the highest common divisor of o and 6?
6
Suppose 0*v + 39 = 5*v - i, v + i - 3 = 0. Suppose 3*k = 67 + 17. What is the greatest common divisor of k and v?
7
Let a(c) be the third derivative of 11*c**4/12 + 2*c**3/3 + 6*c**2. Let g be a(3). What is the highest common factor of 10 and g?
10
Suppose -101 + 629 = 11*c. Calculate the greatest common divisor of 16 and c.
16
Let w(j) = -8*j - 2. Let m(t) = 1. Let r(z) = -6*m(z) + w(z). Let q be r(-11). Calculate the highest common factor of 16 and q.
16
Let v = 23 - 14. Calculate the greatest common divisor of 72 and v.
9
Suppose -3*v + 0*v = 12, 4*i - 64 = 2*v. What is the highest common divisor of i and 2?
2
Let q be 70/(-21)*(-24)/(-10). Let s be ((-4)/q)/((-1)/(-140)). What is the highest common divisor of 28 and s?
14
Let s(z) = -z**3 - 5*z**2 - 6*z - 6. Let x be s(-4). Suppose -q = 5, q = x*c + 2*q - 43. What is the highest common divisor of 36 and c?
12
Let k(c) = -41*c. Let y be k(-1). Suppose 0 = 4*j - 23 - y. What is the greatest common factor of 128 and j?
16
Let c(w) = w - 2. Let p be c(2). Suppose n + p*n = 24. Suppose 4*r = r - 4*k, 3*k = 4*r - 25. Calculate the greatest common factor of r and n.
4
Let y(v) = v**2 + 6*v + 39. Let g be y(-5). What is the greatest common divisor of g and 153?
17
Let d = -6 - -9. Let y(g) = 0 - 5 + d + 2*g - 19*g. Let t be y(-2). Calculate the highest common divisor of 48 and t.
16
Let b be (-752)/18 - (-8)/(-36). Let s be (-408)/b + 2/7. What is the greatest common factor of s and 10?
10
Suppose -l + 2 = -0. Suppose 42 - 12 = l*c. Calculate the highest common divisor of 135 and c.
15
Suppose -14*t - 52 = -15*t. What is the greatest common factor of t and 156?
52
Suppose 4*c - 2*c = 40. Calculate the highest common divisor of 50 and c.
10
Let a be 6/4*(-2 + 44). What is the greatest common divisor of a and 7?
7
Let z be 96/2 - (-2 - -1). Let k = z - 5. What is the highest common divisor of 4 and k?
4
Let t(j) = -j + 3. Let i be t(0). Let v be 6/6 + 1*i. Suppose 0 = 2*a - 6, 0 = v*l - a + 3*a - 22. Calculate the highest common divisor of 44 and l.
4
Let 